2. Give r(5).
-22
Let z(r) = -2*r + 40. What is z(5)?
30
Let o(b) = -9*b - 133. Calculate o(-12).
-25
Let m(u) = -3*u - 4. What is m(5)?
-19
Let b(p) = -2*p**2 - 7*p - 6. Give b(-7).
-55
Let g(s) = -s**3 + 6*s**2 - 5*s + 4. Give g(3).
16
Let p(r) = -r**3 + 9*r**2 + 20. Calculate p(9).
20
Let a(i) = i - 4. What is a(7)?
3
Let u(f) = -8*f**2 - 3*f. Determine u(-2).
-26
Let h(a) = 39*a - 249. Calculate h(6).
-15
Let l(t) = 69*t - 550. Calculate l(8).
2
Let q(k) = -21*k - 1238. Give q(-59).
1
Let f(a) = 4*a**3 + 2*a**2 + 2*a - 3. Calculate f(1).
5
Let n(w) = -3*w**2 + 10*w - 15. Calculate n(3).
-12
Let b(m) = 3*m**3 + 17*m**2 + 3*m - 22. Calculate b(-5).
13
Let l(u) = -u**3 + 6*u**2 + 4*u - 12. Give l(2).
12
Let m(f) = 19*f - 1. Determine m(1).
18
Let n(r) = r**2 + 17*r + 7. Give n(-12).
-53
Let g(t) = 2*t + 1. What is g(-13)?
-25
Let p(b) = -5*b - 24. Determine p(-15).
51
Let f(j) = 6*j**2 + 25*j - 7. Determine f(-6).
59
Let m(n) = -n**3 + 9*n**2 + 17*n + 15. Determine m(11).
-40
Let y(f) = f**2 + 9*f + 18. Give y(-11).
40
Let k(h) = -h - 18. Determine k(-19).
1
Let b(w) = w**2 + 17*w + 31. Calculate b(-15).
1
Let b(d) = d**3 - 19*d**2 - 4*d + 12. Determine b(19).
-64
Let i(k) = k**3 + 9*k**2 + k + 17. Calculate i(-8).
73
Let u(d) = -27*d + 66. Determine u(9).
-177
Let c(x) = -x**2 - 2*x - 4. Give c(-2).
-4
Let i(t) = 2*t - 3. What is i(5)?
7
Let r(i) = i**3 + 11*i**2 + 5*i - 19. What is r(-11)?
-74
Let p(f) = f**3 - 13*f**2 + 8*f + 6. Determine p(12).
-42
Let w(g) = -g**2 + 2*g + 38. Give w(12).
-82
Let a(s) = s**3 - 11*s**2 + 8*s - 3. Calculate a(10).
-23
Let b(g) = 16*g**2 - 2*g. Give b(2).
60
Let y(o) = -3*o + 11. Calculate y(3).
2
Let z(d) = 37*d + 447. Determine z(-12).
3
Let b(t) = -t**3 + 8*t**2 - 5*t - 10. Calculate b(7).
4
Let s(d) = -d**2 - 8*d + 3. What is s(-8)?
3
Let y(h) = h + 14. What is y(-22)?
-8
Let p(z) = 4*z**2 - 2*z - 1. Calculate p(1).
1
Let u(m) = m**3 + 18*m**2 + 46*m - 15. Calculate u(-15).
-30
Let c(x) = 14*x + 70. Determine c(-5).
0
Let v(w) = -w + 3. Determine v(4).
-1
Let u(i) = 10*i - 130. What is u(13)?
0
Let k(x) = -x**3 + 15*x**2 + x - 27. Determine k(15).
-12
Let l(g) = g**3 + 22. What is l(0)?
22
Let j(h) = -4*h + 32. Give j(18).
-40
Let d(w) = 87*w**3 + 3*w**2 - 1. Give d(1).
89
Let b(p) = 2*p + 16. Determine b(9).
34
Let b(k) = -k**3 - 12*k**2 - 17*k + 22. Determine b(-10).
-8
Let q(l) = -6*l - 6. Give q(-5).
24
Let u(c) = -3*c + 3. What is u(1)?
0
Let j(q) = -88*q**2 - 5*q + 6. What is j(1)?
-87
Let c(o) = -o**2 - 3*o - 5. What is c(-2)?
-3
Let i(q) = q**3 + 6*q**2 - 4. Calculate i(-3).
23
Let h(o) = 11*o - 75. Calculate h(7).
2
Let o(d) = -d**2 - 15*d + 47. Give o(-17).
13
Let d(f) = -3*f + 60. Calculate d(15).
15
Let t(h) = -5*h - 13. What is t(-3)?
2
Let m(z) = 3*z + 33. Determine m(-16).
-15
Let u(b) = b**3 + 6*b**2 - 16*b - 3. Determine u(-8).
-3
Let o(j) = j**3 + 7*j**2 - 21*j - 21. What is o(-9)?
6
Let f(b) = 4*b + 1. Calculate f(-8).
-31
Let v(c) = 2*c**2 - 16. What is v(5)?
34
Let f(w) = -231*w + 7. Determine f(-1).
238
Let a(z) = 6*z**2 - 21*z - 4. Give a(5).
41
Let p(f) = 2*f + 14. Calculate p(-20).
-26
Let m(f) = -26*f**2 + 4*f - 6. Determine m(2).
-102
Let n(p) = 5*p - 13. What is n(2)?
-3
Let l(h) = -h**3 - 16*h**2 - 41*h - 20. Calculate l(-13).
6
Let q(a) = 25*a**2 - 4*a + 1. What is q(1)?
22
Let s(l) = -l + 9. Calculate s(6).
3
Let l(z) = -z**3 - 6*z**2 + z + 1. What is l(-5)?
-29
Let d(z) = -z**3 - 10*z**2 - 17*z - 20. Determine d(-8).
-12
Let h(z) = 8*z**2 + 281*z + 39. What is h(-35)?
4
Let h(g) = g**2 - 7*g - 74. Give h(12).
-14
Let n(h) = h**2 - 5*h + 15. What is n(6)?
21
Let s(f) = -4*f + 97. What is s(26)?
-7
Let w(h) = -2*h + 15. What is w(12)?
-9
Let n(c) = c**2 + 11*c + 26. Give n(-8).
2
Let j(h) = -h**3 - 7*h**2 - 4*h + 40. Calculate j(-5).
10
Let i(d) = d**3 - 2*d**2 - 9*d - 9. Calculate i(-2).
-7
Let h(x) = -x**3 + 10*x**2 + 8*x - 12. Give h(11).
-45
Let h(f) = f**3 + 11*f**2 + 16*f + 70. Calculate h(-10).
10
Let j(n) = -n**2 + 6*n - 17. Give j(7).
-24
Let q(y) = -y**3 + 8*y**2 - 14*y + 52. What is q(7)?
3
Let l(k) = -8*k + 6. Calculate l(1).
-2
Let n(t) = -t**3 + 31*t**2 + 104*t - 72. Determine n(34).
-4
Let w(n) = 4*n**2 - 13*n + 1. Determine w(3).
-2
Let k(x) = -6*x**3 + 4*x**2 + 5*x + 2. Determine k(-1).
7
Let u(i) = 4*i**2 - 86*i + 16. What is u(21)?
-26
Let b(y) = -y**3 + 4*y**2 + 2*y + 3. Determine b(5).
-12
Let w(i) = -10*i + 9. Calculate w(4).
-31
Let i(n) = -n**2 - 12*n - 8. Determine i(-11).
3
Let s(v) = -7*v + 165. Give s(21).
18
Let g(n) = n**3 + 9*n**2 - 5*n - 19. Determine g(-8).
85
Let z(h) = -5*h - 35. Give z(-16).
45
Let l(a) = -15*a**2 + 3*a - 2. Give l(1).
-14
Let h(f) = -32*f - 10. Calculate h(2).
-74
Let w(f) = -f**2 + 8*f + 13. Determine w(11).
-20
Let d(q) = 2*q**2 - 63*q + 48. Give d(32).
80
Let j(f) = 22*f**2 + 6*f - 1. Give j(1).
27
Let g(h) = -h**2 - 7*h + 10. Calculate g(-9).
-8
Let b(x) = x**3 - 11*x**2 + 16*x - 4. Give b(8).
-68
Let m(i) = -21*i + 23. Determine m(-5).
128
Let u(w) = -w**2 + 2*w - 15. What is u(3)?
-18
Let u(a) = a + 4. What is u(2)?
6
Let k(t) = t**3 + t**2 - 4*t + 4. What is k(-4)?
-28
Let o(i) = 2*i**2 + 8*i - 2. Calculate o(-8).
62
Let n(p) = p**2 + 29*p - 95. Give n(-32).
1
Let d(t) = t**2 - 6*t - 3. Give d(6).
-3
Let g(u) = -u**3 - 2*u + 5. Determine g(-5).
140
Let h(v) = -23*v + 4. Calculate h(1).
-19
Let m(u) = u**2 + 6*u - 11. Determine m(-7).
-4
Let a(g) = -6*g**3 - g**2 - 5*g - 3. What is a(-2)?
51
Let j(n) = -14*n**3 - 2*n**2 + 3*n - 1. Give j(1).
-14
Let m(s) = -s**2 + 5*s. Give m(4).
4
Let h(t) = -t - 26. Give h(-13).
-13
Let f(s) = -s**2 - 5*s + 5. Calculate f(-13).
-99
Let n(i) = i**3 - 6*i**2 + 11*i - 8. Calculate n(4).
4
Let x(r) = r**2 + 9*r + 13. Calculate x(-8).
5
Let t(k) = -13*k - 2. Determine t(2).
-28
Let m(h) = -h**3 + 29*h**2 - 168*h - 3. Give m(8).
-3
Let f(z) = -z**2 - 9*z + 5. Give f(-9).
5
Let l(a) = a**3 - 4*a**2 - 21*a - 5. Determine l(7).
-5
Let a(j) = 3*j**2 - 26*j - 6. What is a(4)?
-62
Let x(z) = -6*z**2 - 6*z - 2. What is x(-2)?
-14
Let j(z) = z**3 - 7*z**2 - 2*z + 5. What is j(7)?
-9
Let s(n) = 9*n - 2. Calculate s(2).
16
Let s(w) = -w**2 + 99. What is s(0)?
99
Let v(f) = -f**3 - 17. Give v(0).
-17
Let d(s) = -15*s**2 + 4*s + 3. What is d(-1)?
-16
Let x(g) = -g**2 - g - 6. Give x(0).
-6
Let d(h) = -h - 1. Determine d(0).
-1
Let z(j) = 4*j - 97. Calculate z(0).
-97
Let l(z) = 17*z - 479. Calculate l(28).
-3
Let s(z) = -z**2 - 4*z + 128. What is s(-13)?
11
Let t(d) = -2*d**3 - 5*d**2 - 5*d - 8. Give t(-3).
16
Let q(z) = z**2 + 10*z + 13. Give q(-8).
-3
Let d(r) = -7*r**2 + r + 9. Give d(0).
9
Let c(l) = -l**3 + 19*l**2 + 43*l - 21. Determine c(21).
0
Let r(j) = 5*j**2 - 28*j - 7. What is r(6)?
5
Let b(q) = 2*q - 21. Determine b(12).
3
Let p(u) = -u**2 + 24*u + 88. Calculate p(27).
7
Let l(j) = -j**3 - j**2 + 52*j + 9. Determine l(0).
9
Let t(w) = -4*w**3 + 35*w**2 + 8*w + 10. Calculate t(9).
1
Let d(w) = w + 1. What is d(-2)?
-1
Let c(d) = -d**3 + 7*d**2 - 4*d - 5. Calculate c(7).
-33
Let v(l) = l**3 + 2*l**2 + 8*l + 4. Calculate v(-3).
-29
Let q(t) = 4*t**3 - 4*t + 3. What is q(1)?
3
Let p(z) = -z**3 - z**2 + 8*z - 6. What is p(3)?
-18
Let h(x) = -4*x**2 - 5*x - 4. Calculate h(-1).
-3
Let d(b) = 25*b**3 - 4*b**2 - 4*b + 5. What is d(-2)?
-203
Let k(t) = -7*t**2 + 6*t - 1. Determine k(2).
-17
Let c(v) = 42*v + 1303. Calculate c(-31).
1
Let k(h) = -47*h + 432. Calculate k(9).
9
Let f(n) = -3*n**2 - n - 18. Give f(0).
-18
Let u(j) = -j**3 - 2*j**2 - j - 5. Give u(-2).
-3
Let c(i) = -i**3 - i**2 - i + 6. Determine c(-2).
12
Let v(q) = 41*q - 5. Determine v(-4).
-169
Let l(w) = -w**3 + 23*w**2 - 21*w - 33. Calculate l(22).
-11
Let g(q) = -q**3 + 34*q**2 + 194*q + 36. Determine g(39).
-3
Let a(v) = -v**2 + 11*v - 30. Determine a(8).
-6
Let s(u) = -3*u**2 - 12*u. Give s(-5).
-15
Let j(x) = x**3 - 6*x**2 - 3*x + 18. What is j(6)?
0
Let x(f) = -12*f - 22. Determine x(0).
-22
Let s(b) = -b**3 - 7*b**2 - 4*b - 29. Give s(-7).
-1
Let c(v) = v**2 + 6*v + 3. Determine c(-3).
-6
Let d(u) = -u**3 - 9*u**2 - 4*u + 15. Calculate d(-7).
-55
Let g(u) = u**3 - 13*u**2 + 2*u - 43. Give g(13).
-17
Let i(t) = t**3 + 4*t**2 - t - 10. Determine i(-3).
2
Let r(v) = -v**2 - 8*v - 5. Calculate r(-6).
7
Let c(t) = t**3 +